(b). Determine v(7).
12
Let k(n) = 3 + 4 + n - 3*n**2 - n**3 - 2 - 3*n**2. Calculate k(-6).
-1
Let l = -7 + 17. Let k = l + -9. Let c(i) = -4 + 9 - k - i. Determine c(5).
-1
Let o(s) = 5 - 6*s + 5*s - 1 - 9*s. Let a(m) = -3*m + 1. Let k(d) = -7*a(d) + 2*o(d). Determine k(3).
4
Let x(m) = 8*m**3 + 2*m - 1. Suppose u + 8 = 3, -2*r - 3*u = 3. Suppose 5*b + r = -3*n - n, 13 = 5*n - 4*b. Determine x(n).
9
Suppose -2*f - 3*f = 3*q + 33, f - 2*q + 4 = 0. Let n(a) = -5 + 2*a + a + 3*a + a**2. Determine n(f).
-5
Let h(n) = -2*n**3 + 7*n**2 - 4*n - 1. Let z(l) = -l**2 + l + 1. Let p(x) = -h(x) - 3*z(x). Calculate p(3).
19
Let j = -1 + 1. Let y(u) = u**2 + 2*u - 1. Let m be y(1). Let n(v) = 0*v**2 + 6 - v**2 + 3 - v**3 + 0*v**m. Determine n(j).
9
Let z(n) = 2*n**3 + 2*n**2 - 2*n + 4. Let b(h) = 5*h**3 + 5*h**2 - 5*h + 11. Let m(f) = -3*b(f) + 8*z(f). Let k be (1 - 1)*2/(-4). Calculate m(k).
-1
Let n(a) = 2*a**3 + 11*a**2 - 8*a + 26. Let x(q) = q**3 + 5*q**2 - 4*q + 12. Let h(i) = -6*n(i) + 13*x(i). Calculate h(3).
6
Suppose 3*q = 3*t + 18, -3*t = q + q + 3. Suppose -q*p - 3*j = 0, -5 = 4*j - 1. Let o(f) = f. What is o(p)?
1
Let j(x) = -2*x - 2. Let u(d) = d + 4. Let b = -23 - -16. Let s be u(b). What is j(s)?
4
Let d = 7 + -5. Let j(i) = i**2 + 3*i - d*i**2 + 3*i. Determine j(5).
5
Suppose -4*o = s - 4 - 0, 2 = -s - o. Let c(r) = -r**3 - 4*r**2 + 5*r + 3. Let q(k) = 2*k**3 + 8*k**2 - 9*k - 5. Let u(n) = -11*c(n) - 6*q(n). Calculate u(s).
1
Let p be (-20)/6 + (-2)/(-6). Let h(r) = -2*r. Let t(u) = -21*u - 3. Let w(a) = -18*h(a) + 2*t(a). Let f(n) = n + 1. Let m(s) = 4*f(s) + w(s). Determine m(p).
4
Let s(r) = r**3 + 8*r**2. Suppose 8*v + 3*v = -88. What is s(v)?
0
Let u = -29 + 32. Let o(r) = -1 + 3 - 1 - r. What is o(u)?
-2
Let u = 3 + -4. Let a(c) = -9*c**2 + c - 1. Let y(o) = 18*o**2 - 2*o + 3. Let x(p) = -5*a(p) - 2*y(p). Give x(u).
9
Let g(c) = -16*c + 7. Let s(y) = 34*y - 15. Let f(h) = -13*g(h) - 6*s(h). Let p be (-4)/(-14) + (-32)/14. Let v be 2*(p/4 - -1). Give f(v).
3
Let a(o) = 1 - o - 2*o**2 - o - 5 - 5*o. Determine a(-4).
-8
Let v(o) = 6*o**2 + 11*o - 6. Let t(g) = -2*g**2 - 4*g + 2. Let s(a) = 8*t(a) + 3*v(a). Suppose 2*p + 4*b = 12, -8*p + 3*p - 22 = -3*b. Determine s(p).
4
Let q(x) = x**3 + 3*x**2 - 1. Let b be q(-3). Let t(s) = 10*s**3 - 2*s**2 - s. Calculate t(b).
-11
Let g(j) = 5*j + 11. Let h(x) = -x - 2. Let l(s) = 2*g(s) + 11*h(s). What is l(3)?
-3
Let v(o) = 9*o - 1. Suppose h - 7 = -2*k - 0, 2*h - k + 6 = 0. What is v(h)?
-10
Let w(m) be the third derivative of -m**6/120 + m**5/20 + m**4/8 - m**3/6 - 34*m**2. Determine w(4).
-5
Let b be (2 - 0)/(-2 - (-15)/10). Let l(t) = 2*t - 5. What is l(b)?
-13
Let m(k) = k**2 + k. Let n(z) = 5*z**2 + 11*z + 6. Let o(d) = 6*m(d) - n(d). Let q(f) = 6*f**2 + f. Let s be q(-1). Determine o(s).
-6
Let j(n) = -n**2 - 1. Let h = 7 - 13. Let v(u) = -u**3 + 10*u**2 + 3*u + 1. Let b(y) = h*j(y) - v(y). Suppose -9 = -3*i + 3. Determine b(i).
-7
Let u = 3 - -6. Let f = u + -4. Let p(o) = o**2 - 6*o - 1. Determine p(f).
-6
Suppose 20 + 8 = 4*p. Let q(s) = s**3 + 3*s**2 - 4*s**2 - 3*s**2 + p*s**2 + s. Calculate q(-3).
-3
Let o(u) = -u + 1. Let q be o(2). Let w(f) = -1. Let b(i) = -i - 2. Let d(z) = q*b(z) + 2*w(z). Determine d(-6).
-6
Let i(u) = -u**2 - 9*u - 17. Let q be i(-7). Let h = -6 - q. Let k(d) = -d**2 - d + 2. Give k(h).
-4
Suppose 17*w - 108 = 5*w. Let a(d) = d**2 - 9*d - 10. What is a(w)?
-10
Suppose 3*t + 5*a = 23, 5*t + 4*a - 28 = -7. Let n(h) = -h - 5*h - 5*h + 2 - 1. Give n(t).
-10
Suppose 0 = 2*c + 5*x - 19, 3*c + c - 4*x = -32. Let p(o) = 8*o**2 + 4*o + 7. Let f(a) = 7*a**2 + 4*a + 6. Let l(g) = 6*f(g) - 5*p(g). Calculate l(c).
7
Let r(m) = 5*m + 1 + m**2 + 6*m - 5*m. Let z(q) = -5*q + 3*q - 6*q**2 - 7*q - 5 + 5*q**2. Let d be z(-9). Calculate r(d).
-4
Let v(i) = i**2 + 5*i + 3. Suppose 0 = -2*r - 2*r + 12. Suppose 0 = 3*b - r. Let h be (b + -3 + -3)/1. Give v(h).
3
Let u(b) = 5*b - 15*b**3 - 4 + 0*b + 7*b**2 - 3. Let w(h) = 7*h - 16*h - 10 + 10*h**2 - 22*h**3 + 16*h. Let r(a) = 7*u(a) - 5*w(a). Determine r(1).
5
Let t = -1/5 + 8/15. Let g(r) be the third derivative of 0*r + 2*r**2 + 0 + t*r**3 + 1/60*r**5 + 1/6*r**4. What is g(-2)?
-2
Let j(i) = 4*i - 2. Suppose 0 = -7*h + 50 - 57. Calculate j(h).
-6
Suppose 0 = -52*z + 47*z + 5. Let o(k) = 7*k**2 - k + 1. Calculate o(z).
7
Let s be 12/15 + 28/(-10). Let g(l) = l - 1. Calculate g(s).
-3
Suppose -y - 2 = -3*y. Let h(f) = -2*f**3 + 2*f + 3. Let x(a) = 4*a**3 - 4*a - 5. Let m(i) = 7*h(i) + 4*x(i). What is m(y)?
1
Let l be -2*(-4 + (-1)/(-2)). Let c(q) = -q**3 + 8*q**2 - 8*q + 2. Determine c(l).
-5
Let m(s) = -s**3 - s**2 + 1. Let o(d) = 6*d**2 + d**3 + 1 - 3*d - 6*d**2 + 5*d**2. Let h(p) = -2*m(p) - o(p). Calculate h(3).
6
Let f(n) = n**2 + 4*n + 1. Let u(z) = z**2 + 11*z + 5. Let t be u(-11). Suppose -t*c - 10 + 0 = -5*d, -5*d = 5. What is f(c)?
-2
Let g(b) = -1. Let q(m) = -9*m - 18. Let k(d) = 18*g(d) - q(d). Suppose 4 = -3*z - z. Determine k(z).
-9
Let q = 12 + -9. Let d(n) = -2*n**3 + 3*n + q*n**3 - 2*n**3 + 2*n**3 + 5*n**2 - 4. Give d(-3).
5
Let n(z) be the third derivative of -7*z**6/120 - z**4/12 - z**3/6 - z**2. Let h be ((-4)/8)/(2/4). Give n(h).
8
Let a(o) be the third derivative of o**5/60 - 5*o**4/24 - 4*o**3/3 + 6*o**2. What is a(6)?
-2
Let q(x) = -x + 7*x**2 - 4*x**2 - 2*x**2 + x**3 + 0*x**2. Give q(1).
1
Let u(o) = 33*o - 28*o - 1 - 1. Give u(3).
13
Let g(q) = -2*q**2 - 5*q - 3. Let u(d) = d**2 + 6*d + 4. Let s(j) = 5*g(j) + 4*u(j). What is s(1)?
-6
Let j(m) be the second derivative of 7*m + 0 - 5/6*m**3 + 2*m**2. Calculate j(3).
-11
Let j(a) be the second derivative of a**5/20 - a**4/4 - 7*a**3/6 + 3*a**2 + 27*a. Determine j(4).
-6
Suppose -4*u + y + 13 = 2*y, 28 = 4*u + 4*y. Suppose 0 = -c - u. Let f(o) = 8*o + 2*o**2 + o**3 - 8*o. Calculate f(c).
0
Let j(s) = -2*s**2 + 3*s - 2 + 6*s - 8*s. What is j(2)?
-8
Let f be (-6)/(-30) + 29*(-1)/(-5). Let n(u) = -2*u + 7. Calculate n(f).
-5
Let s = -1 + 1. Let x(f) = 0 - 7*f - f**2 + 9 + 2*f**2 + 6*f. Determine x(s).
9
Let w(y) = y**2 - 19*y + 33. Let d be w(17). Let i(u) = -5*u. Give i(d).
5
Let s(q) be the second derivative of q**4/12 - q**3 - 5*q**2 + 36*q. What is s(9)?
17
Let g(z) be the first derivative of -8 + 11*z + 1/2*z**2. Calculate g(-6).
5
Let f(j) be the first derivative of -j**2 + 1/4*j**4 + 4 + 0*j**3 - 3*j. What is f(-2)?
-7
Let o(u) be the third derivative of u**4/12 - 5*u**3/6 - 2*u**2. Let t(s) = 34*s - 1. Let h be t(-1). Let x be (-161)/h + 3/(-5). Calculate o(x).
3
Let u(j) = -4*j - 1 + 6*j**2 + 0*j**2 - j**2 - 4*j**2. Let i(o) = o**2 - 2*o - 3. Let z be i(-2). Suppose 4*x + 18 = 2*m + x, -z*x = -5*m + 35. What is u(m)?
-4
Let r(z) = -7*z - 8*z**2 + 1 - 31*z**3 + 2*z**2 + 32*z**3. What is r(7)?
1
Let n(v) = -v**3 - 5*v**2 - 7*v - 4. Suppose f = -3*f - 16. What is n(f)?
8
Let u(r) be the third derivative of -r**7/2520 - r**6/120 - r**5/20 + r**4/8 - 7*r**2. Let s(t) be the second derivative of u(t). Calculate s(-6).
-6
Let w(q) = q + 9. Let u be w(-5). Suppose u*h = 2*h. Let m(r) = 7*r**2 + 7*r - 9. Let d(y) = -6*y**2 - 6*y + 8. Let k(p) = -6*d(p) - 5*m(p). Give k(h).
-3
Let p(x) = x - 23 + 23. What is p(5)?
5
Let y(f) = -3*f**2 - 4*f - 2. Let o be y(-2). Let p(i) = -i**2 - 7*i + 3. Determine p(o).
9
Suppose 4*m - 5*j - 6 = -2, 0 = -2*j - 8. Let t(u) = 2*u - 3*u**2 + 4*u**2 + 3*u + 0*u - 2. Determine t(m).
-6
Suppose -4*n + 3*x - 9 = -2*n, 0 = 4*n + 4*x - 32. Let b(v) be the third derivative of v**4/24 + 2*v**3/3 + 14*v**2. Determine b(n).
7
Let g(d) = d + 0*d + 5*d + d + 2. Determine g(-2).
-12
Let v be (0/(-2))/(1 - -1). Suppose 5*m - l = -17 + 69, v = -m - 2*l + 17. Let n = -16 + m. Let y(f) = f**2 + 5*f - 7. What is y(n)?
-7
Let a(i) = 8*i**2 - 2*i + 2*i - 3*i**3 + 3 + 6*i + 4*i**3. What is a(-7)?
10
Suppose 2*i = i. Let z = 4 + i. Let x(s) = -s**2 + 4*s + 2. Calculate x(z).
2
Let a(u) = -6*u**2 + 6*u + 22. Let d(h) = -2*h**2 + 2*h + 7. Let y(x) = 5*a(x) - 16*d(x). Let z be ((-6)/4)/(6/8). Give y(z).
10
Let w = 6 + -4. Let d(b) = -136 - b + 2*b + 135. Give d(w).
1
Let m(a) be the third derivative of -a**7/2520 - a**6/720 + a**5/30 + a**4/6 - 2*a**2. Let y(j) be the second derivative of m(j). Give y(0).
4
Let i(j) = j**3 + 4*j**2 - j + 1. Let n(q) = -q +